ivisor of 100 and 180?
20
Calculate the highest common divisor of 10 and 9310.
10
What is the greatest common divisor of 27 and 513?
27
What is the greatest common divisor of 111 and 370?
37
What is the greatest common factor of 5908 and 28?
28
What is the highest common divisor of 175 and 50?
25
What is the highest common divisor of 1849 and 43?
43
Calculate the greatest common factor of 8 and 24.
8
What is the highest common factor of 108 and 156?
12
Calculate the highest common factor of 5913 and 81.
81
What is the greatest common divisor of 64 and 2624?
64
What is the greatest common factor of 231 and 63?
21
Calculate the greatest common divisor of 2 and 1919.
1
What is the greatest common divisor of 46 and 26519?
23
Calculate the highest common factor of 5 and 85.
5
What is the greatest common factor of 6216 and 132?
12
What is the greatest common factor of 78 and 1534?
26
Calculate the highest common factor of 31 and 358.
1
What is the highest common factor of 17 and 2363?
17
Calculate the greatest common factor of 159 and 27.
3
What is the highest common divisor of 14 and 7?
7
Calculate the greatest common factor of 1750 and 2000.
250
Calculate the highest common divisor of 10583 and 76.
19
What is the greatest common divisor of 12 and 4452?
12
Calculate the greatest common factor of 2100 and 84.
84
Calculate the greatest common factor of 3 and 4.
1
Calculate the greatest common factor of 12 and 48.
12
Calculate the highest common factor of 20 and 920.
20
What is the highest common factor of 204 and 17034?
102
What is the highest common factor of 4972 and 176?
44
Calculate the greatest common divisor of 7 and 371.
7
What is the highest common divisor of 35 and 49?
7
What is the greatest common divisor of 6321 and 215?
43
Calculate the highest common factor of 19509 and 21.
21
Calculate the highest common divisor of 24 and 51.
3
Calculate the greatest common factor of 184 and 736.
184
Calculate the greatest common divisor of 140 and 260.
20
What is the highest common divisor of 18 and 618?
6
Calculate the highest common factor of 13778 and 166.
166
Calculate the greatest common factor of 90 and 1638.
18
What is the greatest common divisor of 5664 and 128?
32
What is the greatest common factor of 68 and 104?
4
Calculate the highest common divisor of 3087 and 189.
63
Calculate the greatest common divisor of 7 and 112.
7
What is the greatest common factor of 35 and 28?
7
Calculate the highest common factor of 72 and 12024.
72
What is the highest common divisor of 9 and 63?
9
What is the highest common divisor of 465 and 837?
93
What is the highest common divisor of 7831 and 41?
41
Calculate the greatest common factor of 93 and 15.
3
What is the highest common divisor of 7830 and 81?
27
What is the highest common factor of 330 and 870?
30
Calculate the highest common divisor of 75 and 1320.
15
What is the greatest common divisor of 232 and 174?
58
What is the greatest common divisor of 81 and 144?
9
What is the greatest common divisor of 26 and 78?
26
Calculate the highest common factor of 546 and 42.
42
Calculate the greatest common divisor of 1650 and 11.
11
Calculate the greatest common divisor of 352 and 1088.
32
Calculate the greatest common factor of 123 and 57.
3
Calculate the highest common factor of 329 and 141.
47
Calculate the highest common factor of 200 and 1030.
10
What is the highest common factor of 28 and 16?
4
Calculate the greatest common factor of 29 and 101.
1
Calculate the highest common factor of 2054 and 1106.
158
Calculate the greatest common factor of 36 and 32.
4
Calculate the greatest common factor of 76 and 4047.
19
What is the highest common factor of 225 and 4635?
45
What is the greatest common factor of 84 and 105?
21
What is the highest common divisor of 25 and 1?
1
What is the highest common factor of 445 and 5?
5
What is the highest common factor of 194 and 1843?
97
Calculate the highest common factor of 2356 and 20.
4
What is the greatest common divisor of 108 and 1708?
4
What is the highest common factor of 5831 and 34?
17
What is the greatest common factor of 16416 and 532?
76
Calculate the highest common factor of 1917 and 71.
71
What is the greatest common divisor of 1095 and 15?
15
Calculate the highest common divisor of 72 and 11502.
18
What is the highest common factor of 412 and 12154?
206
Calculate the greatest common factor of 70 and 1890.
70
What is the highest common factor of 222 and 6?
6
What is the highest common factor of 26 and 4186?
26
Calculate the highest common divisor of 8 and 620.
4
Calculate the highest common divisor of 69 and 713.
23
What is the highest common factor of 68 and 2550?
34
Calculate the greatest common factor of 15 and 228.
3
What is the highest common divisor of 170 and 200?
10
What is the highest common factor of 16884 and 168?
84
What is the highest common factor of 20 and 40?
20
Calculate the greatest common factor of 335 and 25.
5
What is the greatest common divisor of 144 and 64?
16
What is the greatest common factor of 208 and 3796?
52
What is the highest common divisor of 540 and 2520?
180
Calculate the highest common factor of 8 and 256.
8
What is the highest common divisor of 9797 and 194?
97
Calculate the highest common factor of 124 and 93.
31
What is the greatest common divisor of 50 and 240?
10
What is the highest common divisor of 2 and 146?
2
Calculate the highest common factor of 456 and 380.
76
Calculate the highest common factor of 12 and 438.
6
What is the highest common divisor of 300 and 325?
25
What is the highest common factor of 153 and 72?
9
Calculate the greatest common factor of 1260 and 1200.
60
What is the greatest common factor of 26 and 871?
13
What is the highest common divisor of 7540 and 65?
65
Calculate the greatest common factor of 116 and 2813.
29
What is the greatest common divisor of 1027 and 3871?
79
Calculate the greatest common factor of 46 and 138.
46
Calculate the greatest common factor of 100 and 860.
20
What is the highest common divisor of 91 and 35?
7
Calculate the greatest common divisor of 335 and 67.
67
What is the greatest common factor of 3216 and 6?
6
Calculate the highest common divisor of 10257 and 39.
39
What is the highest common divisor of 760 and 1254?
38
What is the highest common divisor of 1196 and 52?
52
Calculate the highest common divisor of 187 and 17.
17
Calculate the highest common factor of 812 and 696.
116
What is the highest common divisor of 15 and 9?
3
Calculate the greatest common factor of 124 and 217.
31
What is the greatest common divisor of 22 and 1232?
22
Calculate the greatest common divisor of 2420 and 7502.
242
Calculate the highest common divisor of 88 and 1331.
11
Calculate the greatest common factor of 119 and 1343.
17
Calculate the greatest common divisor of 45 and 216.
9
What is the greatest common divisor of 25 and 100?
25
What is the greatest common factor of 474 and 12?
6
Calculate the highest common divisor of 377 and 52.
13
What is the highest common divisor of 242 and 110?
22
Calculate the greatest common factor of 284 and 7.
1
What is the greatest common divisor of 13 and 416?
13
Calculate the highest common factor of 3910 and 575.
115
What is the greatest common divisor of 8 and 40?
8
What is the highest common factor of 14 and 8?
2
Calculate the highest common divisor of 40 and 215.
5
What is the highest common divisor of 4254 and 6?
6
What is the highest common factor of 2084 and 4?
4
Calculate the greatest common factor of 2 and 4502.
2
What is the greatest common divisor of 117 and 26?
13
What is the highest common divisor of 60 and 420?
60
Calculate the greatest common divisor of 72 and 264.
24
What is the greatest common factor of 22693 and 11?
11
What is the greatest common factor of 72187 and 37?
37
Calculate the greatest common factor of 12050 and 50.
50
What is the greatest common factor of 288 and 18?
18
Calculate the greatest common factor of 195 and 312.
39
Calculate the highest common divisor of 14 and 504.
14
What is the highest common factor of 14186 and 82?
82
Calculate the highest common divisor of 1068 and 1246.
178
Calculate the highest common factor of 30 and 9066.
6
What is the greatest common divisor of 35 and 105?
35
Calculate the highest commo